{"id":143,"date":"2025-05-27T12:08:47","date_gmt":"2025-05-27T12:08:47","guid":{"rendered":"https:\/\/hennajula.com\/?page_id=143"},"modified":"2025-11-06T10:58:37","modified_gmt":"2025-11-06T10:58:37","slug":"cv","status":"publish","type":"page","link":"https:\/\/hennajula.com\/?page_id=143","title":{"rendered":"about"},"content":{"rendered":"\t\t<div data-elementor-type=\"wp-page\" data-elementor-id=\"143\" class=\"elementor elementor-143\">\n\t\t\t\t<div class=\"elementor-element elementor-element-1dae83be e-flex e-con-boxed e-con e-parent\" data-id=\"1dae83be\" data-element_type=\"container\">\n\t\t\t\t\t<div class=\"e-con-inner\">\n\t\t\t\t<div class=\"elementor-element elementor-element-28eec19c elementor-widget elementor-widget-text-editor\" data-id=\"28eec19c\" data-element_type=\"widget\" data-widget_type=\"text-editor.default\">\n\t\t\t\t<div class=\"elementor-widget-container\">\n\t\t\t\t\t\t\t\t\t\t\t\t\t\t\t\t\t<\/div>\n\t\t\t\t<\/div>\n\t\t\t\t\t<\/div>\n\t\t\t\t<\/div>\n\t\t<div class=\"elementor-element elementor-element-3f21013 e-flex e-con-boxed e-con e-parent\" data-id=\"3f21013\" data-element_type=\"container\">\n\t\t\t\t\t<div class=\"e-con-inner\">\n\t\t\t\t\t<\/div>\n\t\t\t\t<\/div>\n\t\t<div class=\"elementor-element elementor-element-12a28ab e-grid e-con-boxed e-con e-parent\" data-id=\"12a28ab\" data-element_type=\"container\">\n\t\t\t\t\t<div class=\"e-con-inner\">\n\t\t\t\t<div class=\"elementor-element elementor-element-d158e66 animated-slow elementor-invisible elementor-widget elementor-widget-image\" data-id=\"d158e66\" data-element_type=\"widget\" data-settings=\"{&quot;_animation&quot;:&quot;fadeIn&quot;,&quot;_animation_delay&quot;:100}\" data-widget_type=\"image.default\">\n\t\t\t\t<div class=\"elementor-widget-container\">\n\t\t\t\t\t\t\t\t\t\t\t\t<figure class=\"wp-caption\">\n\t\t\t\t\t\t\t\t\t\t<img fetchpriority=\"high\" decoding=\"async\" width=\"714\" height=\"1024\" src=\"https:\/\/hennajula.com\/wp-content\/uploads\/2025\/05\/tulikuva_1_rajattu_pieni-714x1024.jpg\" class=\"attachment-large size-large wp-image-8\" alt=\"\" srcset=\"https:\/\/hennajula.com\/wp-content\/uploads\/2025\/05\/tulikuva_1_rajattu_pieni-714x1024.jpg 714w, https:\/\/hennajula.com\/wp-content\/uploads\/2025\/05\/tulikuva_1_rajattu_pieni-209x300.jpg 209w, https:\/\/hennajula.com\/wp-content\/uploads\/2025\/05\/tulikuva_1_rajattu_pieni-768x1102.jpg 768w, https:\/\/hennajula.com\/wp-content\/uploads\/2025\/05\/tulikuva_1_rajattu_pieni-1071x1536.jpg 1071w, https:\/\/hennajula.com\/wp-content\/uploads\/2025\/05\/tulikuva_1_rajattu_pieni-1427x2048.jpg 1427w, https:\/\/hennajula.com\/wp-content\/uploads\/2025\/05\/tulikuva_1_rajattu_pieni-scaled.jpg 1784w\" sizes=\"(max-width: 714px) 100vw, 714px\" \/>\t\t\t\t\t\t\t\t\t\t\t<figcaption class=\"widget-image-caption wp-caption-text\">photo: Maria P\u00e4\u00e4kk\u00f6nen<\/figcaption>\n\t\t\t\t\t\t\t\t\t\t<\/figure>\n\t\t\t\t\t\t\t\t\t<\/div>\n\t\t\t\t<\/div>\n\t\t\t\t<div class=\"elementor-element elementor-element-ee970c0 elementor-widget elementor-widget-text-editor\" data-id=\"ee970c0\" data-element_type=\"widget\" data-widget_type=\"text-editor.default\">\n\t\t\t\t<div class=\"elementor-widget-container\">\n\t\t\t\t\t\t\t\t\t<p>Visual artist living and working in Helsinki.<br \/><strong>henna.jula(a)gmail.com<\/strong><br \/>+358415396434<\/p>\n<p>\u00a0<\/p>\n<p><strong>UPCOMING:<\/strong><br \/>APR 2026 solo exhibition in Galleria M\u00e4ltinranta, Tampere <br \/>FALL 2026 artist in residence, Cit\u00e9 internationale des arts, Paris<\/p>\n<p>\u00a0<\/p>\n<p><strong>CURRICULUM VITAE<\/strong><\/p>\n<p><strong>EDUCATION<\/strong><br \/>2016\u00a0\u00a0 Master of Fine Arts, Finnish Academy of Fine Arts, Helsinki<br \/>2012\u00a0\u00a0 Taipei National University of the Arts, Taiwan<br \/>2010\u00a0\u00a0 Orivesi Institute, Fine Arts<\/p>\n<p><strong>SOLO EXHIBITIONS<\/strong><br \/>2023\u00a0\u00a0 Centripetal, Poriginal gallery, Pori Art Museum, Pori<br \/>2023\u00a0\u00a0 Centripetal, Huuto Gallery, Helsinki<br \/>2020\u00a0\u00a0 Plant Body, Porvoo Art Hall, Porvoo<br \/>2020\u00a0\u00a0 Exoskeleton, tm\u2022gallery, Helsinki<br \/>2019\u00a0\u00a0 Waterscapes, Makasiini Contemporary, Turku<br \/>2018\u00a0\u00a0 Spheres, GalleriaKONE, Ha\u0308meenlinna<br \/>2018\u00a0\u00a0 Scopes, B-galleria, Turku<br \/>2016\u00a0\u00a0 Ephemera, Saariaho Ja\u0308rvenpa\u0308a\u0308, Helsinki<\/p>\n<p><strong>SELECTED COLLABORATIVE AND GROUP EXHIBITIONS<\/strong><br \/>2025 Mud, Heat &amp; Pressure, Hirvitalo Center of Contemporary Art Pispala, Tampere (duo with Maria P\u00e4\u00e4kk\u00f6nen)<br \/>2025\u00a0\u00a0 Earth\/Air Makasiini Contemporary, Turku<br \/>2021\u00a0\u00a0 Mad Love: The Seppo Fr\u00e4nti Collection Lappeenranta Art Museum, Lappeenranta<br \/>2020\u00a0\u00a0 Mad Love: The Seppo Fr\u00e4nti Collection at Kiasma museum of Contemporary Art, Helsinki<br \/>2018\u00a0\u00a0 Summer 2018, Makasiini Contemporary, Turku<br \/>2018\u00a0\u00a0 on paper \/ from wood, Cross Gallery, THAV, Taipei, Taiwan (duo with Jan L\u00fctjohann)<br \/>2017\u00a0\u00a0 Villa Roosa 10th Contemporary Art Exhibition, Orimattila<br \/>2016\u00a0\u00a0 Haava \u2013 Seppo Fr\u00e4nti Collection, Lapinlahden l\u00e4hde, Helsinki<br \/>2015\u00a0\u00a0 LIQUIDY, Exhibition Laboratory Project Room, Helsinki (duo with Bogna Wisniewska)<br \/>2015\u00a0\u00a0 Kuvan Kev\u00e4t graduation exhibition, Helsinki<br \/>2014\u00a0\u00a0 Everything You Can Think Of Is True, Fotografins Hus, Stockholm<br \/>2013\u00a0\u00a0 Y-Festival, N\u00e4silinna, Tampere<br \/>2013\u00a0\u00a0 Art of Basware, Musiikkitalo, Helsinki<br \/>2012\u00a0\u00a0 Art of Basware, Sanomatalo, Helsinki<br \/>2012\u00a0\u00a0 Gardeners, TNUA, Taipei, Taiwan (duo with Chang Bui)<br \/>2012\u00a0\u00a0 Extended Studio, XL Art Space, Helsinki<\/p>\n<p><strong>AWARDS \/ SCOLARSHIPS \/ GRANTS<\/strong><br \/>2024\u00a0\u00a0 Finnish Cultural Foundation, Uusimaa Regional Fund<br \/>\u00a0 \u00a0 \u00a0\u00a0 \u00a0\u00a0\u00a0 Niilo Helander Foundation<br \/>\u00a0 \u00a0 \u00a0\u00a0 \u00a0 \u00a0 Visek<br \/>2023\u00a0\u00a0 Finnish Art Society, Young Artist Grant<br \/>\u00a0 \u00a0 \u00a0 \u00a0 \u00a0\u00a0 Arts Promotion Centre Finland<br \/>\u00a0 \u00a0 \u00a0\u00a0 \u00a0 \u00a0 Paulo Foundation<br \/>2022\u00a0\u00a0 Arts Promotion Centre Finland<br \/>\u00a0 \u00a0 \u00a0 \u00a0 \u00a0\u00a0 Paulo Foundation<br \/>2021\u00a0\u00a0 Arts Promotion Centre Finland<br \/>2020\u00a0 Arts Promotion Centre Finland<br \/>\u00a0\u00a0\u00a0 \u00a0 \u00a0\u00a0 \u00a0 Paulo Foundation<br \/>2018\u00a0\u00a0 Finnish Cultural Foundation<br \/>\u00a0 \u00a0\u00a0\u00a0 \u00a0 \u00a0\u00a0 Arts Promotion Centre Finland<br \/>\u00a0 \u00a0 \u00a0\u00a0 \u00a0 \u00a0 Paulo Foundation<br \/>2016\u00a0\u00a0 Finnish Cultural Foundation, Uusimaa Regional Fund<br \/>2015\u00a0\u00a0 Finnish Academy of Fine Arts Support Foundation stipend<br \/>\u00a0 \u00a0 \u00a0\u00a0 \u00a0 \u00a0 Anita Snellman Foundation stipend<br \/>2012\u00a0\u00a0 Art of Basware, first price<\/p>\n<p><strong>RESIDENCIES<\/strong><br \/>2024\u00a0\u00a0 Konstepidemin, Gothenburg, Sweden<br \/>2023\u00a0\u00a0 Treasure Hill Artist Village, AIR Taipei, Taipei, Taiwan<br \/>2022\u00a0\u00a0 Mustarinda, Hyrynsalmi, Finland<br \/>2018\u00a0\u00a0 Treasure Hill Artist Village, AIR Taipei, Taipei, Taiwan<br \/>2018 \u00a0 Cit\u00e9 internationale des arts, Paris, France<br \/>2017\u00a0\u00a0 MoKS, Mooste, Estonia<br \/>2015\u00a0\u00a0 Finnish Academy of Fine Arts &amp; The Royal Institute of Art residency, Berlin, Germany<br \/>2013\u00a0\u00a0 Finnish Academy of Fine Arts &amp; The Royal Institute of Art residency, Berlin, Germany<br \/>2012\u00a0\u00a0 Uto\u0308 residency, KUVYO, Ut\u00f6 island, Finland<\/p>\n<p><strong>WORKS IN COLLECTIONS<\/strong><br \/>Kiasma Museum of Contemporary Art, The Finnish National Gallery<br \/>Seppo Fra\u0308nti collection<br \/>Basware Oyj<br \/>Kuhanen, Asikainen &amp; Kanerva Oy<br \/>Private Collections<\/p>\n<p><strong>OTHER WORKS<\/strong><br \/>2022 \u00a0 Kiasma museum of Contemporary Art Edition I, Kiasma Support Foundation printmaking folder<br \/>2016\u00a0\u00a0 Ilon Kuvia, Lux Helsinki 2016 Light Festival<\/p>\n<p><strong>MEMBERSHIPS<\/strong><br \/>The Finnish Painters&#8217; Union<\/p>\t\t\t\t\t\t\t\t<\/div>\n\t\t\t\t<\/div>\n\t\t<div class=\"elementor-element elementor-element-58e32dd e-con-full e-flex e-con e-child\" data-id=\"58e32dd\" data-element_type=\"container\">\n\t\t\t\t<\/div>\n\t\t\t\t\t<\/div>\n\t\t\t\t<\/div>\n\t\t\t\t<\/div>\n\t\t","protected":false},"excerpt":{"rendered":"<p>photo: Maria P\u00e4\u00e4kk\u00f6nen Visual artist living and working in Helsinki.henna.jula(a)gmail.com+358415396434 \u00a0 UPCOMING:APR 2026 solo exhibition in Galleria M\u00e4ltinranta, Tampere FALL [&hellip;]<\/p>\n","protected":false},"author":1,"featured_media":0,"parent":0,"menu_order":0,"comment_status":"closed","ping_status":"closed","template":"","meta":{"site-sidebar-layout":"default","site-content-layout":"","ast-site-content-layout":"","site-content-style":"default","site-sidebar-style":"default","ast-global-header-display":"","ast-banner-title-visibility":"","ast-main-header-display":"","ast-hfb-above-header-display":"","ast-hfb-below-header-display":"","ast-hfb-mobile-header-display":"","site-post-title":"disabled","ast-breadcrumbs-content":"","ast-featured-img":"","footer-sml-layout":"","theme-transparent-header-meta":"","adv-header-id-meta":"","stick-header-meta":"","header-above-stick-meta":"","header-main-stick-meta":"","header-below-stick-meta":"","astra-migrate-meta-layouts":"default","ast-page-background-enabled":"default","ast-page-background-meta":{"desktop":{"background-color":"var(--ast-global-color-5)","background-image":"","background-repeat":"repeat","background-position":"center center","background-size":"auto","background-attachment":"scroll","background-type":"","background-media":"","overlay-type":"","overlay-color":"","overlay-opacity":"","overlay-gradient":""},"tablet":{"background-color":"","background-image":"","background-repeat":"repeat","background-position":"center center","background-size":"auto","background-attachment":"scroll","background-type":"","background-media":"","overlay-type":"","overlay-color":"","overlay-opacity":"","overlay-gradient":""},"mobile":{"background-color":"","background-image":"","background-repeat":"repeat","background-position":"center center","background-size":"auto","background-attachment":"scroll","background-type":"","background-media":"","overlay-type":"","overlay-color":"","overlay-opacity":"","overlay-gradient":""}},"ast-content-background-meta":{"desktop":{"background-color":"var(--ast-global-color-4)","background-image":"","background-repeat":"repeat","background-position":"center center","background-size":"auto","background-attachment":"scroll","background-type":"","background-media":"","overlay-type":"","overlay-color":"","overlay-opacity":"","overlay-gradient":""},"tablet":{"background-color":"var(--ast-global-color-4)","background-image":"","background-repeat":"repeat","background-position":"center center","background-size":"auto","background-attachment":"scroll","background-type":"","background-media":"","overlay-type":"","overlay-color":"","overlay-opacity":"","overlay-gradient":""},"mobile":{"background-color":"var(--ast-global-color-4)","background-image":"","background-repeat":"repeat","background-position":"center center","background-size":"auto","background-attachment":"scroll","background-type":"","background-media":"","overlay-type":"","overlay-color":"","overlay-opacity":"","overlay-gradient":""}},"footnotes":""},"class_list":["post-143","page","type-page","status-publish","hentry"],"_links":{"self":[{"href":"https:\/\/hennajula.com\/index.php?rest_route=\/wp\/v2\/pages\/143","targetHints":{"allow":["GET"]}}],"collection":[{"href":"https:\/\/hennajula.com\/index.php?rest_route=\/wp\/v2\/pages"}],"about":[{"href":"https:\/\/hennajula.com\/index.php?rest_route=\/wp\/v2\/types\/page"}],"author":[{"embeddable":true,"href":"https:\/\/hennajula.com\/index.php?rest_route=\/wp\/v2\/users\/1"}],"replies":[{"embeddable":true,"href":"https:\/\/hennajula.com\/index.php?rest_route=%2Fwp%2Fv2%2Fcomments&post=143"}],"version-history":[{"count":301,"href":"https:\/\/hennajula.com\/index.php?rest_route=\/wp\/v2\/pages\/143\/revisions"}],"predecessor-version":[{"id":1561,"href":"https:\/\/hennajula.com\/index.php?rest_route=\/wp\/v2\/pages\/143\/revisions\/1561"}],"wp:attachment":[{"href":"https:\/\/hennajula.com\/index.php?rest_route=%2Fwp%2Fv2%2Fmedia&parent=143"}],"curies":[{"name":"wp","href":"https:\/\/api.w.org\/{rel}","templated":true}]}}